ainder when 525706 is divided by 52565?
56
Calculate the remainder when 9419382 is divided by 52.
50
Calculate the remainder when 840557 is divided by 91.
81
Calculate the remainder when 14708899 is divided by 4902964.
7
Calculate the remainder when 669762 is divided by 391.
370
What is the remainder when 560809 is divided by 37386?
19
What is the remainder when 920299 is divided by 3141?
3127
What is the remainder when 39194 is divided by 246?
80
What is the remainder when 91065 is divided by 377?
208
Calculate the remainder when 283681386 is divided by 244132.
2
What is the remainder when 711554 is divided by 177848?
162
Calculate the remainder when 2748740 is divided by 559.
137
What is the remainder when 10161 is divided by 2992?
1185
What is the remainder when 210888 is divided by 12?
0
Calculate the remainder when 9571047 is divided by 90.
87
What is the remainder when 194693 is divided by 2992?
213
Calculate the remainder when 730469378 is divided by 4.
2
Calculate the remainder when 35853487 is divided by 446.
439
What is the remainder when 47466 is divided by 598?
224
What is the remainder when 34363 is divided by 531?
379
What is the remainder when 1061326 is divided by 21226?
26
What is the remainder when 33956966 is divided by 970199?
1
Calculate the remainder when 539029 is divided by 7687.
939
Calculate the remainder when 388721 is divided by 129572.
5
What is the remainder when 3159069 is divided by 141?
105
Calculate the remainder when 363395619 is divided by 10.
9
What is the remainder when 25393896 is divided by 1410772?
0
What is the remainder when 335424 is divided by 83842?
56
What is the remainder when 667741 is divided by 56?
53
Calculate the remainder when 5626440 is divided by 18508.
8
What is the remainder when 883685 is divided by 355?
90
Calculate the remainder when 127507 is divided by 99.
94
Calculate the remainder when 6476 is divided by 727.
660
What is the remainder when 955368 is divided by 24423?
2871
Calculate the remainder when 52601156 is divided by 27.
26
What is the remainder when 1873829 is divided by 342?
11
Calculate the remainder when 21699678 is divided by 93938.
0
Calculate the remainder when 3300332 is divided by 35.
7
Calculate the remainder when 886598 is divided by 9140.
18
Calculate the remainder when 429643 is divided by 2834.
1709
What is the remainder when 6611474 is divided by 1322292?
14
What is the remainder when 90544597 is divided by 54?
43
Calculate the remainder when 16089 is divided by 15398.
691
Calculate the remainder when 2143681 is divided by 238155.
286
What is the remainder when 88962269 is divided by 224?
221
What is the remainder when 21144 is divided by 569?
91
What is the remainder when 3144069 is divided by 523924?
525
Calculate the remainder when 5346732 is divided by 339.
24
Calculate the remainder when 1388867 is divided by 377.
376
What is the remainder when 2872513915 is divided by 91?
89
What is the remainder when 17902 is divided by 2912?
430
What is the remainder when 45390 is divided by 20713?
3964
What is the remainder when 10561406 is divided by 123?
11
What is the remainder when 48017973 is divided by 55965?
3
What is the remainder when 512 is divided by 5?
2
Calculate the remainder when 41073560 is divided by 40.
0
Calculate the remainder when 1348087 is divided by 5618.
5385
Calculate the remainder when 1700780 is divided by 3016.
2772
Calculate the remainder when 378521817 is divided by 2041.
2039
What is the remainder when 282852 is divided by 23?
21
Calculate the remainder when 7758 is divided by 226.
74
What is the remainder when 416361 is divided by 208023?
315
What is the remainder when 156541430 is divided by 27?
20
What is the remainder when 11053 is divided by 5724?
5329
Calculate the remainder when 63567 is divided by 662.
15
Calculate the remainder when 30456526 is divided by 8805.
31
What is the remainder when 20526 is divided by 14189?
6337
Calculate the remainder when 34678676 is divided by 71.
4
What is the remainder when 4169904 is divided by 2197?
2195
What is the remainder when 607 is divided by 277?
53
Calculate the remainder when 23122 is divided by 3850.
22
Calculate the remainder when 8658283 is divided by 16.
11
Calculate the remainder when 37435598 is divided by 400.
398
Calculate the remainder when 23078 is divided by 1442.
6
What is the remainder when 987814 is divided by 987789?
25
What is the remainder when 579092 is divided by 116?
20
What is the remainder when 257896204 is divided by 85?
84
Calculate the remainder when 22392832 is divided by 21932.
260
What is the remainder when 309755 is divided by 15484?
75
What is the remainder when 64416 is divided by 2212?
268
What is the remainder when 4130260 is divided by 344187?
16
What is the remainder when 3886813 is divided by 2132?
177
What is the remainder when 7947498 is divided by 411?
402
What is the remainder when 2983719 is divided by 3536?
2871
What is the remainder when 357048551 is divided by 3?
2
What is the remainder when 15622891 is divided by 226418?
49
Calculate the remainder when 73411 is divided by 12234.
7
Calculate the remainder when 324204 is divided by 92.
88
What is the remainder when 1353897 is divided by 7781?
3
What is the remainder when 251009 is divided by 913?
847
What is the remainder when 4713317 is divided by 388?
281
Calculate the remainder when 59308499 is divided by 119.
89
Calculate the remainder when 9193281 is divided by 5.
1
Calculate the remainder when 262892 is divided by 1094.
332
What is the remainder when 211837 is divided by 330?
307
Calculate the remainder when 11203968 is divided by 185.
183
Calculate the remainder when 699214 is divided by 349054.
1106
What is the remainder when 25625426 is divided by 214?
210
Calculate the remainder when 12234995 is divided by 1424.
1411
Calculate the remainder when 1704115 is divided by 294.
91
Calculate the remainder when 5024155 is divided by 156.
19
What is the remainder when 22958861 is divided by 637746?
5
Calculate the remainder when 4612063 is divided by 74386.
131
What is the remainder when 128056 is divided by 846?
310
Calculate the remainder when 170659 is divided by 1795.
134
What is the remainder when 20667587 is divided by 2259?
2255
What is the remainder when 22256 is divided by 15003?
7253
What is the remainder when 17853881 is divided by 191977?
20
What is the remainder when 153664 is divided by 30676?
284
What is the remainder when 176284 is divided by 176271?
13
Calculate the remainder when 1153457 is divided by 110.
107
What is the remainder when 327372 is divided by 40757?
1316
Calculate the remainder when 88511279 is divided by 120.
119
Calculate the remainder when 407431 is divided by 25452.
199
Calculate the remainder when 298186907 is divided by 283.
278
What is the remainder when 410306 is divided by 132027?
14225
Calculate the remainder when 107133 is divided by 106517.
616
What is the remainder when 80135 is divided by 3062?
523
Calculate the remainder when 1003827 is divided by 501894.
39
Calculate the remainder when 1145563 is divided by 4951.
1882
What is the remainder when 4970608 is divided by 6645?
148
What is the remainder when 1302631708 is divided by 15403?
15401
Calculate the remainder when 1353195573 is divided by 10111.
10110
What is the remainder when 458443 is divided by 229204?
35
Calculate the remainder when 4924038 is divided by 547111.
39
Calculate the remainder when 25609 is divided by 25508.
101
What is the remainder when 77002 is divided by 693?
79
What is the remainder when 5612713 is divided by 1412?
13
What is the remainder when 510490 is divided by 43?
37
Calculate the remainder when 106278549 is divided by 2450.
2449
What is the remainder when 19270 is divided by 9589?
92
What is the remainder when 481554 is divided by 160505?
39
Calculate the remainder when 1377696 is divided by 196757.
397
Calculate the remainder when 672017 is divided by 741.
671
What is the remainder when 914720 is divided by 91470?
20
Calculate the remainder when 10732615 is divided by 9956.
47
What is the remainder when 8383434 is divided by 208?
202
Calculate the remainder when 5667436 is divided by 97714.
24
Calculate the remainder when 40177 is divided by 8865.
4717
Wha